 - 301. Let r(q) = 4*q + 9. Calculate r(n).
9
Let s(t) = t**3 + 2*t**2 - 7*t - 5. Let y(q) = -q**2 + 2*q + 96. Let p be y(-9). Calculate s(p).
7
Let s = 3 + 2. Let m(b) = 2*b - 12. Let d(c) = -2*c + 11. Let i(w) = -6*d(w) - 5*m(w). Determine i(s).
4
Suppose 2*g = 0, 3*w - 6*w - 5*g = 27. Let a(x) = -3*x + 3. Determine a(w).
30
Let r(w) = -39*w**2 - 4*w + 18*w**2 - w + 20*w**2. Let h(c) = -c**3 + c**2. Let q be h(2). Determine r(q).
4
Let v(l) = -l**3 + 9*l**2 + 2*l + 7. Let x(n) = -n**3 + 10*n**2 + n + 7. Let i(j) = 5*v(j) - 4*x(j). Let t(a) = 5*a**2 - a. Let g be t(-1). What is i(g)?
7
Let t(x) = -11*x + 8. Let i(h) = 2*h + 1. Let s(n) = 2*i(n) + t(n). Let m(b) = 70*b - 98. Let j(p) = 5*m(p) + 49*s(p). Determine j(1).
7
Let u(v) = -123*v + 619. Let i be u(5). Let n(d) = d**3 - 5*d**2 + 9*d - 1. Calculate n(i).
19
Let j(v) = -v**2 - 3*v + 4. Let i = -518 - -514. Determine j(i).
0
Suppose -20 = -16*a + 21*a. Let g(f) = f**2 + 6*f + 3. Give g(a).
-5
Let w(x) = -13 + 7*x - 2*x + x + x - 8*x. What is w(-9)?
-4
Let r(g) be the second derivative of 1/6*g**3 - 21*g + 3/2*g**2 + 1/2*g**4 + 1/20*g**5 + 0. Give r(-6).
-3
Suppose 4*m + y - 8 = 0, -8*m + y = -13*m + 9. Let f(s) = 15*s**3 - s**2 - s + 2. What is f(m)?
15
Let i(b) = -9*b + 5. Let g = -2016 - -2019. Determine i(g).
-22
Let n(f) be the second derivative of -f - 1/12*f**4 - 3*f**2 + 0 + 1/2*f**3. What is n(4)?
-10
Let q(v) = -2 - 3 - 3 + 6 + v**2 + 2*v. Suppose -6*l - 8*l - 28 = 0. Give q(l).
-2
Let p(z) = 7 - 12 - 5 - z. What is p(-6)?
-4
Let y(u) = u**2 + 10*u - 29. Let i be y(-12). Let t(a) be the first derivative of -a**4/4 - 2*a**3 - 3*a**2 - 7*a + 11. Give t(i).
-2
Let r(v) = 5 + 11 + 13 - 34 + 3*v**2 - 6*v. Calculate r(6).
67
Let z(m) = -m + 2 + 3 + 5 - 1. Let x be (0/(3 + -1))/(-6 + 3). Calculate z(x).
9
Let y(q) = 4*q + 37. Let n(x) = -x - 9. Let p(t) = 9*n(t) + 2*y(t). Let w = -36701 + 36696. What is p(w)?
-2
Let q(h) = h - 1. Let g = -1 + 6. Suppose 3*y - 24 = -3*x, 3*x + 1 - 5 = 2*y. Suppose 0 = x*n - n + g*d + 8, -n = 5*d - 4. Give q(n).
-7
Suppose -41*u - 36*u - 77 = 0. Let o(g) = g**2 + g + 1. Let f(m) = 14*m**3 + 5*m**2 + 6*m + 6. Let l(s) = f(s) - 6*o(s). What is l(u)?
-15
Let r(k) = -5 + 338*k + 2 - 3*k**2 + k**3 - 344*k + 0 - 4. Let x = 3 - -2. Determine r(x).
13
Let n(j) = j**2 - 21*j + 15. Let w(d) = 5*d**2 - 108*d + 74. Let i(l) = -11*n(l) + 2*w(l). What is i(13)?
9
Let r(k) be the third derivative of 0*k + 13/24*k**4 - 2/3*k**3 + 0 + 5*k**2. Let t(d) = -19*d + 6. Let z(q) = 7*r(q) + 5*t(q). Determine z(3).
-10
Let o = 3 - 5. Let y be -2 + 2 - o/1. Let h(j) be the third derivative of j**4/24 - 2*j**3/3 + 81*j**2. Calculate h(y).
-2
Let k(w) = 2*w**2 + 4*w - 1. Let f be k(-3). Let y(l) be the third derivative of -1/2*l**3 - 5*l**2 + 0 + 1/3*l**4 - 1/60*l**5 + 0*l. Give y(f).
12
Let p(y) = -y**3 + 3*y**2 - 3*y + 4. Let j be -2 + (-80)/(16/(-4)). Suppose -j*c + 12 = -14*c. Calculate p(c).
-5
Let q(s) be the third derivative of s**5/60 + s**2 - 39*s. Let l = -12 + 47. Let a be (-23)/(-7) - 10/l. Determine q(a).
9
Let a(g) be the third derivative of -g**5/60 - g**4/12 + 9*g**2. Let b(r) = -r + 6. Let k be b(3). Let q be -5*(-4)/30*k. Calculate a(q).
-8
Suppose 0 = -0*w - 3*w - 5*p + 20, -2*w - 3*p = -13. Let q(j) = -4*j - 2*j + w*j + 4 - 2*j. Determine q(7).
-17
Let l(y) = 3*y + 4. Let a be (-2)/(-15) - (68/60 + -3). Calculate l(a).
10
Let s = 2201 + -2199. Let w(u) = -1 + 4 - 1 + u + 2*u**2 - u**3. Give w(s).
4
Suppose 10 = w + 3*i + 2, 0 = 3*w + 4*i - 9. Let s(l) = -3*l + 4. Let n(x) = x + 1. Let u(f) = w*s(f) - 6*n(f). Determine u(-7).
11
Let a(d) be the second derivative of -d**3/6 - 3*d**2/2 - 7*d. Let m be 1 - -2 - (-3 + 17). Let q(f) = 3*f + 8. Let u(v) = m*a(v) - 4*q(v). Determine u(-1).
2
Let i(o) = -3*o**2 - 38*o + 8. Let c be i(-13). Let b(j) = 2*j + 1. What is b(c)?
-9
Let k(s) be the third derivative of s**6/8 + s**3/2 - s**2. Let h(p) = 31*p**3 + 7. Suppose m + 5 + 4 = 0. Let u(f) = m*k(f) + 4*h(f). Give u(-1).
12
Let u be 10/5 - 94/2. Let z = u - -47. Let h(q) = -q**3 + q**2 - q + 1. Let m(t) = -4*t**3 + 3*t**2 - 7*t + 8. Let a(f) = 6*h(f) - m(f). What is a(z)?
-4
Let b = -741 - -738. Let k(j) be the third derivative of 1/3*j**3 - j**2 + 0 + 1/120*j**6 + 0*j + 1/20*j**5 + 1/24*j**4. What is k(b)?
-1
Suppose -28 - 6 = -17*w. Let p(t) = 2*t**2 - 2. Calculate p(w).
6
Let x(m) be the third derivative of m**5/60 - 5*m**4/24 - m**3/2 - 4*m**2 + 2*m. Determine x(-4).
33
Let a(x) = -x**2 - 10*x - 5. Let p(o) = -o**2 - 9*o - 6. Let s(t) = -2*a(t) + 3*p(t). Let y be s(-4). Let k(f) = f**3 - 4*f**2 - 2*f + 1. Determine k(y).
-7
Let l = 0 + 0. Let z(u) be the first derivative of u**4/4 + u**2/2 + 6*u - 1349. What is z(l)?
6
Let j(i) = 3*i**3 - 2*i**2 - i + 1. Let y(b) = -3*b - 10*b - 9*b**2 + 7*b + 16*b**3 + 5. Let c(m) = 11*j(m) - 2*y(m). Determine c(4).
5
Let o(g) = 7*g**3 + 10*g**2 + 5*g + 4. Let q(r) = -4*r**3 - 5*r**2 - 2*r - 2. Let t = -99 - -94. Let f(p) = t*q(p) - 3*o(p). Give f(-4).
2
Let h be (-50)/20*(-16)/10. Let g = -5 + h. Let j(p) = 18*p - 1. Let r(c) = 71*c - 5. Let l(i) = 9*j(i) - 2*r(i). Determine l(g).
-19
Let h(o) = -o**2 - 2*o. Let a(y) be the third derivative of 0*y + 2/3*y**3 + 0 + 1/24*y**4 - 4*y**2. Let w be a(-5). What is h(w)?
1
Let p = 128 - 125. Let v(j) be the second derivative of -1/3*j**3 - 1/2*j**2 + 1/20*j**5 - 1/6*j**4 + 0 - p*j. Give v(-1).
-2
Let m = 0 + 1. Let h(w) = -3*w + 56. Let a be h(18). Let l(t) = 13 + 0 + 5*t**2 + 0*t**a - 12. Give l(m).
6
Let d(t) be the second derivative of 1/3*t**4 + 1/3*t**3 - 1/2*t**2 + 0 + 1/20*t**5 - t. Suppose o - 3 = -0*o, 0 = 5*i - 4*o + 22. What is d(i)?
3
Suppose 6 = -3*b + 2*b - 5*l, 5*l = 0. Let q be (-49)/b - (-8)/(-48). Suppose 1 = -3*n - q. Let d(u) = u**3 + 2*u**2 - 4*u. Give d(n).
3
Let c(x) = -x**2 - 11*x + 11. Let i(w) be the third derivative of -w**5/60 - w**4/2 + 2*w**3 - 8*w**2. Let f(s) = 5*c(s) - 4*i(s). Calculate f(-8).
-1
Let k(z) = -z**2 + 4*z + 5. Let y be k(5). Let f(u) = -u**2 + u - 10. Determine f(y).
-10
Suppose 13 = -2*n + n - 5*k, n = k + 5. Let y(v) = 5*v**n - 1 - 7*v**2 + 6*v**2. Determine y(1).
3
Suppose 98*p = 24*p - 740. Let q(c) = c**3 + 9*c**2 - 7*c + 29. What is q(p)?
-1
Let v be -14 - 2/(-1)*(-1 - 0). Let m(x) = -x**2 - 14*x + 5. Determine m(v).
-27
Let m(b) = 3*b - 5. Let j(s) = -s + 2. Let q(c) = 5*j(c) + 2*m(c). Let k(i) = -27*i - 138. Let t be k(-5). Give q(t).
-3
Suppose -5*l + 14 = -g, -3*g + 4*l - 3 = -5. Let n(c) = c**3 - 7*c**2 + 5*c - 1. Determine n(g).
-7
Let o(w) be the first derivative of 2*w - 59 + 1/2*w**2. Determine o(2).
4
Let h(r) = -2*r**2 + 2*r + 1. Let j = 117 - 95. Suppose 16*t + j = 6. Give h(t).
-3
Let n(i) = 3*i - 9. Suppose -14 = 5*m - 3*o, 2*o - o - 14 = 4*m. Calculate n(m).
-21
Let d(o) be the second derivative of o**5/20 + o**4 - 13*o**3/6 + o**2/2 + 3*o + 1. Determine d(-13).
1
Let f(r) = -18*r - 3. Let a(v) = -v. Let g(u) = -15*a(u) + f(u). Suppose -4*h + 95 + 29 = 0. Let s = h + -33. Calculate g(s).
3
Let r = -10 - -15. Let x(s) = -r - 4*s + 13 + 3*s. Let f be -2*(-3 - 2/(-4)). Determine x(f).
3
Let u(p) = p**3 + 12*p**2 + 12*p + 17. Let g be -25 - (-9 - 0) - -5. Calculate u(g).
6
Suppose -5*k - 3*q - 66 = -63, -24 = 4*k - 3*q. Let s(n) = -2*n**2 - 5*n + 4. Give s(k).
1
Let y(s) = -4*s**3 - s**2 + 2*s. Let x(a) = a**3 + a**2. Let g(l) = -4*l + 1. Let z be g(0). Let r(h) = z*y(h) + 5*x(h). What is r(-3)?
3
Suppose 5*y + 4*j - 13 = 0, -5*y = -2*y + 3*j - 9. Let t = -34 + 31. Let z be y - -3*(-2)/t. Let n(v) = v**2 + v - 4. What is n(z)?
8
Let g = 23 - 27. Let b be -5*(g - -3 - -2). Let a(n) = -n**3 - 5*n**2 - 4*n - 3. Determine a(b).
17
Let p(n) be the first derivative of 2/3*n**3 - 1/120*n**6 - 2*n**2 + 0*n**5 + 0*n + 1/8*n**4 - 5. Let b(r) be the second derivative of p(r). Determine b(3).
-14
Let v(i) = -5*i**2 - i + 1. Let t = 85 + -118. Let a be (2/(-3))/(11/(t/2)). Determine v(a).
-5
Suppose -2*a = -5*u - 12, -u + 2*u - 5*a = 16. Let r(o) = -o**2 - 6*o - 1. Determine r(u).
7
Let p = 61 - 39. Let m be p/(-11) + -4 + 1. Let t(z) = -z**3 - 5*z**2 + z + 6. What is t(m)?
1
Let o be 205/(-30) + 2/(-12). Let g(m) = 10*m**3 - 21*m**2 + 14*m - 27. Let c(s) = -7*s**3 + 14*s**2 - 9*s + 18. Let r(x) = o*c(x) - 5*g(x). Give r(6).
3
Suppose -